 the remainder when 1758 is divided by 290.
18
What is the remainder when 3886 is divided by 13?
12
Calculate the remainder when 636 is divided by 26.
12
Calculate the remainder when 397 is divided by 27.
19
What is the remainder when 381 is divided by 44?
29
What is the remainder when 298 is divided by 17?
9
Calculate the remainder when 790 is divided by 9.
7
What is the remainder when 700 is divided by 176?
172
What is the remainder when 721 is divided by 158?
89
Calculate the remainder when 708 is divided by 59.
0
What is the remainder when 1199 is divided by 15?
14
Calculate the remainder when 88 is divided by 23.
19
What is the remainder when 39 is divided by 5?
4
Calculate the remainder when 156 is divided by 64.
28
What is the remainder when 4 is divided by 4?
0
Calculate the remainder when 1130 is divided by 4.
2
Calculate the remainder when 693 is divided by 58.
55
Calculate the remainder when 543 is divided by 68.
67
Calculate the remainder when 1588 is divided by 72.
4
What is the remainder when 1018 is divided by 32?
26
What is the remainder when 37 is divided by 29?
8
Calculate the remainder when 109 is divided by 31.
16
Calculate the remainder when 749 is divided by 4.
1
Calculate the remainder when 3055 is divided by 51.
46
What is the remainder when 519 is divided by 4?
3
What is the remainder when 706 is divided by 18?
4
Calculate the remainder when 4632 is divided by 27.
15
What is the remainder when 1474 is divided by 136?
114
What is the remainder when 13076 is divided by 15?
11
Calculate the remainder when 141 is divided by 12.
9
Calculate the remainder when 247 is divided by 113.
21
Calculate the remainder when 1337 is divided by 222.
5
What is the remainder when 206 is divided by 105?
101
Calculate the remainder when 1726 is divided by 108.
106
Calculate the remainder when 1116 is divided by 547.
22
Calculate the remainder when 1318 is divided by 1306.
12
Calculate the remainder when 694 is divided by 78.
70
Calculate the remainder when 276 is divided by 35.
31
Calculate the remainder when 423 is divided by 145.
133
Calculate the remainder when 9279 is divided by 44.
39
What is the remainder when 227 is divided by 38?
37
What is the remainder when 305 is divided by 51?
50
Calculate the remainder when 283 is divided by 8.
3
Calculate the remainder when 10075 is divided by 44.
43
Calculate the remainder when 478 is divided by 48.
46
What is the remainder when 3454 is divided by 20?
14
What is the remainder when 43412 is divided by 108?
104
What is the remainder when 953 is divided by 107?
97
Calculate the remainder when 98 is divided by 28.
14
What is the remainder when 1980 is divided by 153?
144
Calculate the remainder when 24 is divided by 6.
0
Calculate the remainder when 97 is divided by 26.
19
Calculate the remainder when 593 is divided by 149.
146
Calculate the remainder when 263 is divided by 42.
11
Calculate the remainder when 77 is divided by 12.
5
Calculate the remainder when 307 is divided by 96.
19
Calculate the remainder when 221 is divided by 114.
107
Calculate the remainder when 382 is divided by 79.
66
What is the remainder when 69 is divided by 2?
1
Calculate the remainder when 10 is divided by 7.
3
What is the remainder when 227 is divided by 8?
3
What is the remainder when 305 is divided by 135?
35
What is the remainder when 440 is divided by 35?
20
What is the remainder when 100 is divided by 28?
16
What is the remainder when 203 is divided by 42?
35
Calculate the remainder when 103 is divided by 53.
50
What is the remainder when 304 is divided by 155?
149
What is the remainder when 9 is divided by 4?
1
Calculate the remainder when 2654 is divided by 79.
47
Calculate the remainder when 1509 is divided by 24.
21
What is the remainder when 567 is divided by 64?
55
Calculate the remainder when 98 is divided by 57.
41
Calculate the remainder when 182 is divided by 62.
58
What is the remainder when 1698 is divided by 27?
24
Calculate the remainder when 56 is divided by 21.
14
Calculate the remainder when 117 is divided by 31.
24
Calculate the remainder when 823 is divided by 51.
7
Calculate the remainder when 742 is divided by 102.
28
Calculate the remainder when 60 is divided by 38.
22
What is the remainder when 1352 is divided by 358?
278
What is the remainder when 165 is divided by 7?
4
What is the remainder when 897 is divided by 53?
49
What is the remainder when 16797 is divided by 80?
77
Calculate the remainder when 66 is divided by 23.
20
Calculate the remainder when 809 is divided by 81.
80
Calculate the remainder when 508 is divided by 15.
13
What is the remainder when 28483 is divided by 211?
209
Calculate the remainder when 1949 is divided by 78.
77
What is the remainder when 28726 is divided by 38?
36
Calculate the remainder when 14180 is divided by 43.
33
What is the remainder when 278 is divided by 83?
29
Calculate the remainder when 154 is divided by 14.
0
Calculate the remainder when 122 is divided by 31.
29
Calculate the remainder when 119 is divided by 60.
59
What is the remainder when 739 is divided by 74?
73
What is the remainder when 522 is divided by 119?
46
Calculate the remainder when 2469 is divided by 24.
21
What is the remainder when 133 is divided by 36?
25
What is the remainder when 2054 is divided by 148?
130
What is the remainder when 603 is divided by 151?
150
Calculate the remainder when 1207 is divided by 13.
11
Calculate the remainder when 2151 is divided by 426.
21
What is the remainder when 3856 is divided by 17?
14
What is the remainder when 72 is divided by 28?
16
Calculate the remainder when 150 is divided by 56.
38
What is the remainder when 443 is divided by 75?
68
Calculate the remainder when 548 is divided by 62.
52
Calculate the remainder when 28 is divided by 6.
4
Calculate the remainder when 418 is divided by 52.
2
Calculate the remainder when 314 is divided by 107.
100
Calculate the remainder when 888 is divided by 152.
128
What is the remainder when 59 is divided by 27?
5
Calculate the remainder when 193 is divided by 14.
11
What is the remainder when 1991 is divided by 32?
7
What is the remainder when 5832 is divided by 30?
12
Calculate the remainder when 751 is divided by 28.
23
What is the remainder when 446 is divided by 270?
176
What is the remainder when 817 is divided by 48?
1
Calculate the remainder when 108 is divided by 43.
22
Calculate the remainder when 165 is divided by 65.
35
Calculate the remainder when 103 is divided by 29.
16
Calculate the remainder when 188 is divided by 12.
8
What is the remainder when 130 is divided by 17?
11
What is the remainder when 791 is divided by 72?
71
Calculate the remainder when 428 is divided by 89.
72
What is the remainder when 2969 is divided by 55?
54
Calculate the remainder when 2077 is divided by 99.
97
What is the remainder when 6298 is divided by 21?
19
What is the remainder when 252 is divided by 244?
8
Calculate the remainder when 1115 is divided by 175.
65
Calculate the remainder when 101 is divided by 53.
48
Calculate the remainder when 412 is divided by 52.
48
What is the remainder when 227 is divided by 21?
17
What is the remainder when 470 is divided by 29?
6
What is the remainder when 111 is divided by 19?
16
Calculate the remainder when 67 is divided by 58.
9
Calculate the remainder when 1208 is divided by 22.
20
What is the remainder when 1390 is divided by 78?
64
What is the remainder when 7634 is divided by 46?
44
What is the remainder when 415 is divided by 233?
182
Calculate the remainder when 353 is divided by 121.
111
Calculate the remainder when 2751 is divided by 908.
27
Calculate the remainder when 555 is divided by 20.
15
What is the remainder when 66 is divided by 13?
1
Calculate the remainder when 916 is divided by 152.
4
What is the remainder when 10 is divided by 3?
1
What is the remainder when 866 is divided by 67?
62
Calculate the remainder when 116 is divided by 39.
38
Calculate the remainder when 551 is divided by 22.
1
What is the remainder when 388 is divided by 49?
45
Calculate the remainder when 1363 is divided by 124.
123
What is the remainder when 402 is divided by 55?
17
What is the remainder when 65 is divided by 24?
17
Calculate the remainder when 74 is divided by